{"id":3821,"date":"2025-09-30T10:50:38","date_gmt":"2025-09-30T13:50:38","guid":{"rendered":"https:\/\/www.quattrus.com\/ecommerce\/?post_type=product&#038;p=3821"},"modified":"2026-03-18T10:22:51","modified_gmt":"2026-03-18T13:22:51","slug":"curso-lancamento","status":"publish","type":"product","link":"https:\/\/www.quattrus.com\/ecommerce\/product\/curso-lancamento\/","title":{"rendered":"Forma\u00e7\u00e3o Gestiona &#8211; O m\u00e9todo por tr\u00e1s do resultado"},"content":{"rendered":"<p>Transforme metas em resultados consistentes. Este curso mostra, na pr\u00e1tica, como sair do modo \u201capagar inc\u00eandios\u201d e implantar uma cultura de alta performance: m\u00e9todo claro, pap\u00e9is e indicadores bem definidos, pessoas alinhadas \u00e0 estrat\u00e9gia e com autonomia para decidir com intelig\u00eancia. Voc\u00ea aprender\u00e1 a desenhar rituais de gest\u00e3o, OKRs\/KPIs que realmente guiam a execu\u00e7\u00e3o e um ciclo de melhoria cont\u00ednua que eleva a produtividade sem perder a qualidade. Ideal para l\u00edderes e equipes que querem foco, velocidade e previsibilidade. Inscreva-se e comece a construir um time que entrega, todos os dias.<\/p>\n","protected":false},"excerpt":{"rendered":"<p>Apagar inc\u00eandios n\u00e3o precisa ser rotina. Sem m\u00e9todo, metas viram promessas vazias e equipes se perdem no caminho.<br \/>\nNeste curso, voc\u00ea aprender\u00e1 que alta performance vai al\u00e9m de bater metas e aprender\u00e1 como criar uma cultura em que cada pessoa entende seu prop\u00f3sito, atua alinhada \u00e0 estrat\u00e9gia e decide com autonomia e intelig\u00eancia para garantir os resultados do neg\u00f3cio.<\/p>\n<p>&nbsp;<\/p>\n","protected":false},"featured_media":3830,"template":"","meta":{"nf_dc_page":"","site-sidebar-layout":"default","site-content-layout":"","ast-site-content-layout":"default","site-content-style":"default","site-sidebar-style":"default","ast-global-header-display":"","ast-banner-title-visibility":"","ast-main-header-display":"","ast-hfb-above-header-display":"","ast-hfb-below-header-display":"","ast-hfb-mobile-header-display":"","site-post-title":"","ast-breadcrumbs-content":"","ast-featured-img":"","footer-sml-layout":"","ast-disable-related-posts":"","theme-transparent-header-meta":"default","adv-header-id-meta":"","stick-header-meta":"","header-above-stick-meta":"","header-main-stick-meta":"","header-below-stick-meta":"","astra-migrate-meta-layouts":"set","ast-page-background-enabled":"default","ast-page-background-meta":{"desktop":{"background-color":"var(--ast-global-color-4)","background-image":"","background-repeat":"repeat","background-position":"center center","background-size":"auto","background-attachment":"scroll","background-type":"","background-media":"","overlay-type":"","overlay-color":"","overlay-opacity":"","overlay-gradient":""},"tablet":{"background-color":"","background-image":"","background-repeat":"repeat","background-position":"center center","background-size":"auto","background-attachment":"scroll","background-type":"","background-media":"","overlay-type":"","overlay-color":"","overlay-opacity":"","overlay-gradient":""},"mobile":{"background-color":"","background-image":"","background-repeat":"repeat","background-position":"center center","background-size":"auto","background-attachment":"scroll","background-type":"","background-media":"","overlay-type":"","overlay-color":"","overlay-opacity":"","overlay-gradient":""}},"ast-content-background-meta":{"desktop":{"background-color":"var(--ast-global-color-5)","background-image":"","background-repeat":"repeat","background-position":"center center","background-size":"auto","background-attachment":"scroll","background-type":"","background-media":"","overlay-type":"","overlay-color":"","overlay-opacity":"","overlay-gradient":""},"tablet":{"background-color":"var(--ast-global-color-5)","background-image":"","background-repeat":"repeat","background-position":"center center","background-size":"auto","background-attachment":"scroll","background-type":"","background-media":"","overlay-type":"","overlay-color":"","overlay-opacity":"","overlay-gradient":""},"mobile":{"background-color":"var(--ast-global-color-5)","background-image":"","background-repeat":"repeat","background-position":"center center","background-size":"auto","background-attachment":"scroll","background-type":"","background-media":"","overlay-type":"","overlay-color":"","overlay-opacity":"","overlay-gradient":""}}},"product_brand":[],"product_cat":[44,48],"product_tag":[],"class_list":{"0":"post-3821","1":"product","2":"type-product","3":"status-publish","4":"has-post-thumbnail","6":"product_cat-cursos","7":"product_cat-parceiros","8":"desktop-align-left","9":"tablet-align-left","10":"mobile-align-left","12":"first","13":"instock","14":"downloadable","15":"virtual","16":"purchasable","17":"product-type-simple"},"_links":{"self":[{"href":"https:\/\/www.quattrus.com\/ecommerce\/wp-json\/wp\/v2\/product\/3821","targetHints":{"allow":["GET"]}}],"collection":[{"href":"https:\/\/www.quattrus.com\/ecommerce\/wp-json\/wp\/v2\/product"}],"about":[{"href":"https:\/\/www.quattrus.com\/ecommerce\/wp-json\/wp\/v2\/types\/product"}],"wp:featuredmedia":[{"embeddable":true,"href":"https:\/\/www.quattrus.com\/ecommerce\/wp-json\/wp\/v2\/media\/3830"}],"wp:attachment":[{"href":"https:\/\/www.quattrus.com\/ecommerce\/wp-json\/wp\/v2\/media?parent=3821"}],"wp:term":[{"taxonomy":"product_brand","embeddable":true,"href":"https:\/\/www.quattrus.com\/ecommerce\/wp-json\/wp\/v2\/product_brand?post=3821"},{"taxonomy":"product_cat","embeddable":true,"href":"https:\/\/www.quattrus.com\/ecommerce\/wp-json\/wp\/v2\/product_cat?post=3821"},{"taxonomy":"product_tag","embeddable":true,"href":"https:\/\/www.quattrus.com\/ecommerce\/wp-json\/wp\/v2\/product_tag?post=3821"}],"curies":[{"name":"wp","href":"https:\/\/api.w.org\/{rel}","templated":true}]}}